 greatest common divisor of 17 and g?
17
Let w be 1/(-1) + -2 - -12. Calculate the highest common factor of 9 and w.
9
Let c be (-27)/(-9) + 1*5. Suppose -4*x + 5*d + 9 = -34, -5*d = -x - c. Calculate the greatest common factor of 119 and x.
17
Let j = 82 + -81. What is the greatest common factor of j and 3?
1
Let v = -225 + 478. Let h = v - 148. What is the highest common divisor of 15 and h?
15
Let w be ((-6)/(-4))/((-3)/(-8)) - -18. Calculate the greatest common divisor of 198 and w.
22
Let q(a) = a**3 - 12*a**2 + 10*a + 14. Let c be q(11). What is the highest common divisor of 24 and c?
3
Suppose 4*p + 25 = -15. Suppose 5*a + 105 = 4*u, -48 = a + 3*a + 4*u. Let b = p - a. Calculate the highest common factor of 56 and b.
7
Let s be 7/(-21) + (-1388)/(-6). Calculate the greatest common divisor of 21 and s.
21
Let s = 14 + -8. Let w(k) = 5*k - 1. Let y(d) = d - 1. Let j(r) = w(r) + 6*y(r). Let f be j(5). What is the highest common factor of f and s?
6
Suppose -6*w + 25 = -w. Suppose -4*l = 2*h - 18, -h + 2*h - 12 = -w*l. What is the greatest common divisor of h and 14?
7
Let f be -1 + (13 + -1)/3. Let i(m) = -1 + 0 + f*m - 6. Let c be i(7). What is the highest common divisor of 7 and c?
7
Suppose -s + 39 = x, -x - 74 = -3*x - s. Suppose -x = 5*f - 140. Let b be (-2 + 2 - f)*-1. What is the greatest common factor of b and 21?
21
Let b be (-1862)/(-126) - 2/(-9). What is the highest common factor of 30 and b?
15
Suppose 2*x = 156 + 74. Let j = 1 + 0. Let t(o) = 47*o - 1. Let w be t(j). What is the highest common divisor of x and w?
23
Let d be (-586)/(-7) - ((-60)/14 + 4). What is the greatest common factor of 14 and d?
14
Suppose 44 = -5*n + 124. Suppose 4*q = -0*q - n. Let w = q + 14. What is the greatest common divisor of 20 and w?
10
Let r(g) = g**2 - 10*g + 4. Let c be r(10). Let x be c/2 - 1/(-1). Calculate the highest common divisor of x and 24.
3
Let p be 400/(-22) + 6/33. Suppose -6 - 154 = 5*h. Let m = p - h. What is the greatest common factor of 70 and m?
14
Let h(u) = -u**3 + 5*u**2 + 2*u - 3. Let x be h(5). What is the highest common divisor of x and 7?
7
Let r(q) = 10*q**2 + q - 1. Let s be r(1). Suppose 2*j - 10 - s = 0. What is the greatest common divisor of 5 and j?
5
Suppose 0 = t - 21 - 25. Suppose 0 = r + 4*r - 320. Let p = r - t. Calculate the greatest common factor of 9 and p.
9
Let i = 1 - -4. Suppose -4*n + 92 = 3*b - 60, -234 = -i*b + 3*n. What is the greatest common divisor of b and 12?
12
Let i = -7 - -10. Let x be 4/(-6) - (-8)/i. What is the highest common divisor of x and 22?
2
Let q = -2 + 9. Suppose -13*n + 222 = -142. What is the highest common divisor of q and n?
7
Suppose -w - w = -10. Let p = -156 - -196. What is the highest common factor of p and w?
5
Let d be (-2)/6 - (-5736)/(-18). Let y = -214 - d. What is the greatest common factor of y and 15?
15
Let m(v) = -v**2 + 13*v - 22. Let g be m(7). Suppose 0 = -4*q + 4*b + 6 + 294, 4*q + 3*b = 335. Calculate the greatest common divisor of q and g.
20
Let h(x) = -x**2 - 13*x - 19. Let s be h(-9). Calculate the greatest common factor of s and 17.
17
Let h(f) = 9*f - 18. Let u be h(12). Calculate the highest common divisor of u and 10.
10
Let i(z) = z**3 + 5*z**2 - 8*z + 4. Let s be i(-6). Let t(u) = u + 48. Let j be t(0). Calculate the highest common factor of s and j.
16
Let f = -98 - -142. Calculate the greatest common divisor of 110 and f.
22
Suppose -5*x + 21 - 6 = 0. Suppose -x*g + 2*j = 5*j - 15, 5*j = 2*g - 17. Let o be (5 - -1)*(2 - -2). Calculate the greatest common divisor of o and g.
6
Let n(t) = t**3 + 9*t**2 - 11*t + 13. Let s be n(-10). Suppose 3 = -c - 2. Let z = s - c. What is the highest common factor of z and 42?
14
Suppose 3*y + 2*q - 62 = 0, -5*q - 120 = -5*y - 0*q. What is the highest common factor of y and 110?
22
Let u be -2*(1 + -3 - 32). Suppose 2*b = -0*b + u. Let z = -21 + b. Calculate the highest common divisor of z and 104.
13
Suppose 0 = -2*j + 4 + 20. Let v = 2 - 2. Suppose r + 34 - 166 = v. What is the highest common factor of j and r?
12
Suppose 2*w = 12 - 2. Suppose 4*b + 0*b = -w*k + 45, -b - 57 = -4*k. Let r be 2*-2*39/(-4). Calculate the highest common factor of k and r.
13
Let d = -29 + 52. Suppose 3*i - 31 = -5*x, -i - d = 4*x - 9*x. Suppose -2*l + 2*t = -30, 60 = 4*l - 2*t - 0*t. What is the highest common factor of x and l?
5
Suppose -64 = -2*w - 4*d, w + 3 = 2*d + 3*d. Suppose -f + 1 = -65. What is the greatest common divisor of f and w?
22
Suppose -3*u - 4*h + 16 = 0, 5*u - 4*h = h + 50. Suppose 0 = 4*n + 4*g - 332, -5*g - 103 = -n - 2*g. Calculate the highest common factor of n and u.
8
Let f = 4 - -8. Let d = 15 - -10. Let b = 59 + d. Calculate the greatest common factor of f and b.
12
Let z(c) = -5*c**2 - c - 4. Let p be z(-4). Let m be (-144)/20*p/3. What is the greatest common divisor of 24 and m?
24
Suppose 5*i + 3*v = -v + 98, 2*i - 34 = v. Let a be 2/(1/i*3). Let n be -2 + (40 - (6 + -4)). What is the greatest common divisor of n and a?
12
Let j = -16 - -26. What is the highest common factor of j and 10?
10
Suppose 4*y - 83 = 269. Calculate the highest common divisor of 11 and y.
11
Suppose 10*h - 3*h - 539 = 0. What is the greatest common factor of 44 and h?
11
Let y = -30 + 60. Let k be (-2 + -1)*(-60)/9. Calculate the highest common divisor of y and k.
10
Let h(x) = -x. Let f be h(-1). Let d be (9/36)/(2/8). What is the highest common divisor of f and d?
1
Suppose -4*l = 2*w - 160, w + 3*l + 20 - 105 = 0. What is the greatest common factor of 10 and w?
10
Suppose -5*l + 73 + 52 = -3*p, 0 = l + 3*p - 43. Calculate the greatest common factor of l and 4.
4
Let s(c) = c**2 - 30*c - 103. Let o be s(35). Let x = -23 + 46. Let v = x - 15. Calculate the highest common divisor of v and o.
8
Suppose 115 + 50 = 3*r. Let w(z) = -z**2 + z + 2. Let l be w(0). Suppose -v = 4*d - 90, 4*v + 34 = l*d - v. Calculate the greatest common divisor of d and r.
11
Let r = -79 - -133. What is the highest common divisor of 9 and r?
9
Suppose 2*u = 3*z + 6*u - 413, u + 673 = 5*z. Calculate the greatest common divisor of 15 and z.
15
Suppose -4*n + 0*n - 16 = 0, -48 = -4*o + n. Calculate the greatest common factor of 88 and o.
11
Suppose 0*q - 2*q + 96 = 0. Suppose y - q = -2*y. Let g be ((-15)/(-9) + -1)*24. Calculate the highest common factor of y and g.
16
Let w(o) = o**3 + 2*o**2 - o - 1. Let k be w(-3). Let c = k + 11. Calculate the greatest common divisor of c and 6.
2
Suppose 0*j + 484 = 2*j. Calculate the greatest common factor of 22 and j.
22
Suppose 0 = -4*a + 60 + 36. Let n be 4/2 + (-4 - -10). What is the highest common divisor of n and a?
8
Suppose 0 = -6*z + 101 + 121. What is the greatest common factor of 407 and z?
37
Let f = 4 + 14. What is the greatest common factor of f and 144?
18
Suppose -31 - 14 = -5*c - 5*o, 0 = -c - 4*o. Let p = -123 - -183. Calculate the highest common divisor of c and p.
12
Suppose 3*p + 4*w + 114 = w, -66 = 2*p + 4*w. Let g = p + 70. Suppose 4*b + i - 16 = -i, 2*i - 4 = 0. What is the greatest common divisor of b and g?
3
Let f(m) = -m**3 + 2*m**2 + 3*m - 3. Let q be f(3). Suppose 5*p + 26 = 6. Let g = q - p. What is the greatest common divisor of g and 5?
1
Let m = 7 - 4. Let n be 12*5 - (-9)/(-3). Suppose -5*a + 5*h + 35 = 0, -3*a - 5*h = 20 - n. Calculate the greatest common divisor of a and m.
3
Let d(r) = -22*r + 24. Let h be d(-4). Let m(f) = -f**3 + 7*f**2 - 3*f - 4. Let o be m(6). What is the highest common divisor of o and h?
14
Let i(z) = -47*z + 1. Let o be i(-1). Suppose -3*n - 1545 = -5*r - 4*n, -5*r + n + 1535 = 0. Let x = r - 188. Calculate the greatest common divisor of o and x.
24
Let a be 4/(-18) - 87/(-27). Suppose -t = 3, q + a*t - 9 = -0*q. Suppose -5*m = -5, 3*c = -5*m + 17 + 24. Calculate the greatest common divisor of c and q.
6
Suppose 234 = 2*k - 2*q, -3*q = 5*k - 3*k - 234. Suppose 2*g = k + 191. What is the greatest common factor of g and 14?
14
Let o be 1 - ((-2)/(-4)*2 + -9). Calculate the highest common divisor of 45 and o.
9
Let r be ((-6)/4)/(12/(-304)). What is the highest common divisor of r and 19?
19
Suppose -24 = v - 2*v - 4*c, -20 = -3*v + c. What is the greatest common divisor of 24 and v?
8
Let p be 0/(-2*3/2). Suppose 3*a - 4 - 8 = p. Calculate the 